{"id":30,"date":"2026-01-06T18:54:45","date_gmt":"2026-01-06T11:54:45","guid":{"rendered":"https:\/\/diamondps.vn\/?page_id=30"},"modified":"2026-01-09T14:14:43","modified_gmt":"2026-01-09T07:14:43","slug":"dich-vu","status":"publish","type":"page","link":"https:\/\/diamondps.vn\/index.php\/dich-vu\/","title":{"rendered":"D\u1ecbch V\u1ee5"},"content":{"rendered":"\n\t<div id=\"text-2474891927\" class=\"text\">\n\t\t\n\n<h2 data-path-to-node=\"3\">1. D\u1ecbch v\u1ee5 Qu\u1ea3n l\u00fd V\u1eadn h\u00e0nh T\u00f2a nh\u00e0 (Building Management)<\/h2>\n<p data-path-to-node=\"4\">\u0110\u00e2y l\u00e0 d\u1ecbch v\u1ee5 d\u00e0nh cho c\u1ea3 m\u1ed9t khu chung c\u01b0, \u0111\u1ea3m b\u1ea3o t\u00f2a nh\u00e0 ho\u1ea1t \u0111\u1ed9ng tr\u01a1n tru v\u00e0 an to\u00e0n.<\/p>\n<ul data-path-to-node=\"5\">\n<li>\n<p data-path-to-node=\"5,0,0\"><b data-path-to-node=\"5,0,0\" data-index-in-node=\"0\">Qu\u1ea3n l\u00fd k\u1ef9 thu\u1eadt:<\/b>\u00a0B\u1ea3o tr\u00ec, b\u1ea3o d\u01b0\u1ee1ng h\u1ec7 th\u1ed1ng \u0111i\u1ec7n, n\u01b0\u1edbc, thang m\u00e1y, PCCC v\u00e0 \u0111i\u1ec1u h\u00f2a trung t\u00e2m \u0111\u1ecbnh k\u1ef3.<\/p>\n<\/li>\n<li>\n<p data-path-to-node=\"5,1,0\"><b data-path-to-node=\"5,1,0\" data-index-in-node=\"0\">An ninh &amp; B\u1ea3o v\u1ec7:<\/b>\u00a0Gi\u00e1m s\u00e1t camera, ki\u1ec3m so\u00e1t ng\u01b0\u1eddi ra v\u00e0o, tu\u1ea7n tra \u0111\u1ea3m b\u1ea3o an to\u00e0n 24\/7.<\/p>\n<\/li>\n<li>\n<p data-path-to-node=\"5,2,0\"><b data-path-to-node=\"5,2,0\" data-index-in-node=\"0\">V\u1ec7 sinh &amp; C\u1ea3nh quan:<\/b>\u00a0L\u00e0m s\u1ea1ch khu v\u1ef1c c\u00f4ng c\u1ed9ng (s\u1ea3nh, h\u00e0nh lang), ch\u0103m s\u00f3c c\u00e2y c\u1ea3nh v\u00e0 x\u1eed l\u00fd r\u00e1c th\u1ea3i.<\/p>\n<\/li>\n<li>\n<p data-path-to-node=\"5,3,0\"><b data-path-to-node=\"5,3,0\" data-index-in-node=\"0\">Qu\u1ea3n l\u00fd t\u00e0i ch\u00ednh:<\/b>\u00a0Thu ph\u00ed qu\u1ea3n l\u00fd, ph\u00ed g\u1eedi xe, ti\u1ec1n \u0111i\u1ec7n n\u01b0\u1edbc v\u00e0 l\u1eadp b\u00e1o c\u00e1o thu chi minh b\u1ea1ch cho c\u01b0 d\u00e2n.<\/p>\n<\/li>\n<\/ul>\n<h2 data-path-to-node=\"6\">2. D\u1ecbch v\u1ee5 Qu\u1ea3n l\u00fd Cho thu\u00ea &amp; \u1ee6y th\u00e1c (Property Management for Owners)<\/h2>\n<p data-path-to-node=\"7\">D\u00e0nh cho c\u00e1c ch\u1ee7 c\u0103n h\u1ed9 c\u00f3 nh\u00e0 nh\u01b0ng kh\u00f4ng c\u00f3 th\u1eddi gian t\u1ef1 qu\u1ea3n l\u00fd ho\u1eb7c \u0111ang \u1edf xa.<\/p>\n<ul data-path-to-node=\"8\">\n<li>\n<p data-path-to-node=\"8,0,0\"><b data-path-to-node=\"8,0,0\" data-index-in-node=\"0\">T\u00ecm ki\u1ebfm v\u00e0 s\u00e0ng l\u1ecdc kh\u00e1ch thu\u00ea:<\/b>\u00a0\u0110\u0103ng tin qu\u1ea3ng c\u00e1o, d\u1eabn kh\u00e1ch xem nh\u00e0 v\u00e0 ki\u1ec3m tra nh\u00e2n th\u00e2n kh\u00e1ch thu\u00ea.<\/p>\n<\/li>\n<li>\n<p data-path-to-node=\"8,1,0\"><b data-path-to-node=\"8,1,0\" data-index-in-node=\"0\">Qu\u1ea3n l\u00fd h\u1ee3p \u0111\u1ed3ng &amp; Ph\u00e1p l\u00fd:<\/b>\u00a0So\u1ea1n th\u1ea3o h\u1ee3p \u0111\u1ed3ng thu\u00ea nh\u00e0, l\u00e0m th\u1ee7 t\u1ee5c \u0111\u0103ng k\u00fd t\u1ea1m tr\u00fa t\u1ea1m v\u1eafng v\u1edbi c\u00f4ng an \u0111\u1ecba ph\u01b0\u01a1ng.<\/p>\n<\/li>\n<li>\n<p data-path-to-node=\"8,2,0\"><b data-path-to-node=\"8,2,0\" data-index-in-node=\"0\">Thu ti\u1ec1n h\u1ed9:<\/b>\u00a0Thay m\u1eb7t ch\u1ee7 nh\u00e0 thu ti\u1ec1n thu\u00ea \u0111\u1ecbnh k\u1ef3 v\u00e0 thanh to\u00e1n c\u00e1c h\u00f3a \u0111\u01a1n li\u00ean quan.<\/p>\n<\/li>\n<li>\n<p data-path-to-node=\"8,3,0\"><b data-path-to-node=\"8,3,0\" data-index-in-node=\"0\">B\u1ea3o tr\u00ec c\u0103n h\u1ed9:<\/b>\u00a0S\u1eeda ch\u1eefa h\u01b0 h\u1ecfng ph\u00e1t sinh trong ph\u00f2ng (v\u00f2i n\u01b0\u1edbc, b\u00f3ng \u0111\u00e8n, m\u00e1y l\u1ea1nh) khi kh\u00e1ch \u0111ang thu\u00ea.<\/p>\n<\/li>\n<\/ul>\n<h2 data-path-to-node=\"9\">3. D\u1ecbch v\u1ee5 Qu\u1ea3n l\u00fd C\u0103n h\u1ed9 D\u1ecbch v\u1ee5 (Airbnb\/Homestay Management)<\/h2>\n<p data-path-to-node=\"10\">D\u00e0nh cho nh\u1eefng c\u0103n h\u1ed9 kinh doanh theo ng\u00e0y ho\u1eb7c ng\u1eafn h\u1ea1n.<\/p>\n<ul data-path-to-node=\"11\">\n<li>\n<p data-path-to-node=\"11,0,0\"><b data-path-to-node=\"11,0,0\" data-index-in-node=\"0\">V\u1eadn h\u00e0nh l\u01b0u tr\u00fa:<\/b>\u00a0Check-in\/check-out cho kh\u00e1ch, h\u1ed7 tr\u1ee3 kh\u00e1ch trong su\u1ed1t qu\u00e1 tr\u00ecnh l\u01b0u tr\u00fa.<\/p>\n<\/li>\n<li>\n<p data-path-to-node=\"11,1,0\"><b data-path-to-node=\"11,1,0\" data-index-in-node=\"0\">D\u1ecbch v\u1ee5 bu\u1ed3ng ph\u00f2ng:<\/b>\u00a0D\u1ecdn d\u1eb9p nh\u00e0 c\u1eeda, thay ch\u0103n ga g\u1ed1i n\u1ec7m theo ti\u00eau chu\u1ea9n kh\u00e1ch s\u1ea1n sau m\u1ed7i l\u01b0\u1ee3t kh\u00e1ch.<\/p>\n<\/li>\n<li>\n<p data-path-to-node=\"11,2,0\"><b data-path-to-node=\"11,2,0\" data-index-in-node=\"0\">T\u1ed1i \u01b0u doanh thu:<\/b>\u00a0Qu\u1ea3n l\u00fd gi\u00e1 ph\u00f2ng linh ho\u1ea1t tr\u00ean c\u00e1c n\u1ec1n t\u1ea3ng nh\u01b0 Airbnb, Booking, Agoda \u0111\u1ec3 \u0111\u1ea1t l\u1ee3i nhu\u1eadn cao nh\u1ea5t.<\/p>\n<\/li>\n<\/ul>\n<hr data-path-to-node=\"12\" \/>\n<h3 data-path-to-node=\"13\">L\u1ee3i \u00edch khi s\u1eed d\u1ee5ng d\u1ecbch v\u1ee5 qu\u1ea3n l\u00fd:<\/h3>\n<ol start=\"1\" data-path-to-node=\"14\">\n<li>\n<p data-path-to-node=\"14,0,0\"><b data-path-to-node=\"14,0,0\" data-index-in-node=\"0\">Ti\u1ebft ki\u1ec7m th\u1eddi gian:<\/b>\u00a0B\u1ea1n kh\u00f4ng c\u1ea7n ph\u1ea3i c\u00f3 m\u1eb7t \u0111\u1ec3 x\u1eed l\u00fd c\u00e1c v\u1ea5n \u0111\u1ec1 v\u1ee5n v\u1eb7t hay \u0111i thu ti\u1ec1n l\u1ebb m\u1ed7i th\u00e1ng.<\/p>\n<\/li>\n<li>\n<p data-path-to-node=\"14,1,0\"><b data-path-to-node=\"14,1,0\" data-index-in-node=\"0\">Chuy\u00ean nghi\u1ec7p h\u00f3a:<\/b>\u00a0Quy tr\u00ecnh x\u1eed l\u00fd s\u1ef1 c\u1ed1 nhanh ch\u00f3ng, b\u1ea3o v\u1ec7 gi\u00e1 tr\u1ecb t\u00e0i s\u1ea3n (c\u0103n h\u1ed9 \u00edt b\u1ecb xu\u1ed1ng c\u1ea5p h\u01a1n).<\/p>\n<\/li>\n<li>\n<p data-path-to-node=\"14,2,0\"><b data-path-to-node=\"14,2,0\" data-index-in-node=\"0\">Gi\u1ea3m r\u1ee7i ro ph\u00e1p l\u00fd:<\/b>\u00a0\u0110\u01a1n v\u1ecb qu\u1ea3n l\u00fd th\u01b0\u1eddng n\u1eafm r\u00f5 c\u00e1c quy \u0111\u1ecbnh v\u1ec1 thu\u1ebf v\u00e0 \u0111\u0103ng k\u00fd kinh doanh.<\/p>\n<\/li>\n<\/ol>\n<p data-path-to-node=\"15\"><b data-path-to-node=\"15\" data-index-in-node=\"0\">B\u1ea1n \u0111ang quan t\u00e2m \u0111\u1ebfn vi\u1ec7c t\u00ecm \u0111\u01a1n v\u1ecb qu\u1ea3n l\u00fd cho c\u0103n h\u1ed9 c\u00e1 nh\u00e2n c\u1ee7a m\u00ecnh hay \u0111ang t\u00ecm hi\u1ec3u \u0111\u1ec3 v\u1eadn h\u00e0nh m\u1ed9t d\u1ef1 \u00e1n l\u1edbn?<\/b>\u00a0H\u00e3y cho m\u00ecnh bi\u1ebft \u0111\u1ec3 m\u00ecnh t\u01b0 v\u1ea5n k\u1ef9 h\u01a1n nh\u00e9!<\/p>\n\t\t\n<style>\n#text-2474891927 {\n  text-align: left;\n}\n<\/style>\n\t<\/div>\n\t\n\n","protected":false},"excerpt":{"rendered":"","protected":false},"author":1,"featured_media":0,"parent":0,"menu_order":0,"comment_status":"closed","ping_status":"closed","template":"","meta":{"footnotes":""},"class_list":["post-30","page","type-page","status-publish","hentry"],"_links":{"self":[{"href":"https:\/\/diamondps.vn\/index.php\/wp-json\/wp\/v2\/pages\/30","targetHints":{"allow":["GET"]}}],"collection":[{"href":"https:\/\/diamondps.vn\/index.php\/wp-json\/wp\/v2\/pages"}],"about":[{"href":"https:\/\/diamondps.vn\/index.php\/wp-json\/wp\/v2\/types\/page"}],"author":[{"embeddable":true,"href":"https:\/\/diamondps.vn\/index.php\/wp-json\/wp\/v2\/users\/1"}],"replies":[{"embeddable":true,"href":"https:\/\/diamondps.vn\/index.php\/wp-json\/wp\/v2\/comments?post=30"}],"version-history":[{"count":5,"href":"https:\/\/diamondps.vn\/index.php\/wp-json\/wp\/v2\/pages\/30\/revisions"}],"predecessor-version":[{"id":123,"href":"https:\/\/diamondps.vn\/index.php\/wp-json\/wp\/v2\/pages\/30\/revisions\/123"}],"wp:attachment":[{"href":"https:\/\/diamondps.vn\/index.php\/wp-json\/wp\/v2\/media?parent=30"}],"curies":[{"name":"wp","href":"https:\/\/api.w.org\/{rel}","templated":true}]}}